{"id":7483,"date":"2018-07-13T07:38:06","date_gmt":"2018-07-13T06:38:06","guid":{"rendered":"https:\/\/angelpavon.com\/?page_id=7483"},"modified":"2021-02-20T21:46:44","modified_gmt":"2021-02-20T20:46:44","slug":"presenta","status":"publish","type":"page","link":"https:\/\/angelpavon.com\/index.php\/presenta\/","title":{"rendered":"Presenta"},"content":{"rendered":"\t\t<div data-elementor-type=\"wp-post\" data-elementor-id=\"7483\" class=\"elementor elementor-7483 elementor-bc-flex-widget\" data-elementor-post-type=\"page\">\n\t\t\t\t\t\t<section class=\"has_eae_slider elementor-section elementor-top-section elementor-element elementor-element-85f0eff elementor-section-boxed elementor-section-height-default elementor-section-height-default\" data-eae-slider=\"54637\" data-id=\"85f0eff\" data-element_type=\"section\" data-e-type=\"section\">\n\t\t\t\t\t\t<div class=\"elementor-container elementor-column-gap-default\">\n\t\t\t\t\t<div class=\"has_eae_slider elementor-column elementor-col-100 elementor-top-column elementor-element elementor-element-e09d67f\" data-eae-slider=\"72283\" data-id=\"e09d67f\" data-element_type=\"column\" data-e-type=\"column\">\n\t\t\t<div class=\"elementor-widget-wrap\">\n\t\t\t\t\t\t\t<\/div>\n\t\t<\/div>\n\t\t\t\t\t<\/div>\n\t\t<\/section>\n\t\t\t\t<section class=\"has_eae_slider elementor-section elementor-top-section elementor-element elementor-element-da5f4f0 elementor-section-boxed elementor-section-height-default elementor-section-height-default\" data-eae-slider=\"52893\" data-id=\"da5f4f0\" data-element_type=\"section\" data-e-type=\"section\">\n\t\t\t\t\t\t<div class=\"elementor-container elementor-column-gap-default\">\n\t\t\t\t\t<div class=\"has_eae_slider elementor-column elementor-col-100 elementor-top-column elementor-element elementor-element-1d14740\" data-eae-slider=\"84851\" data-id=\"1d14740\" data-element_type=\"column\" data-e-type=\"column\">\n\t\t\t<div class=\"elementor-widget-wrap\">\n\t\t\t\t\t\t\t<\/div>\n\t\t<\/div>\n\t\t\t\t\t<\/div>\n\t\t<\/section>\n\t\t\t\t<section class=\"has_eae_slider elementor-section elementor-top-section elementor-element elementor-element-fabec09 elementor-section-boxed elementor-section-height-default elementor-section-height-default\" data-eae-slider=\"29334\" data-id=\"fabec09\" data-element_type=\"section\" data-e-type=\"section\">\n\t\t\t\t\t\t<div class=\"elementor-container elementor-column-gap-default\">\n\t\t\t\t\t<div class=\"has_eae_slider elementor-column elementor-col-100 elementor-top-column elementor-element elementor-element-aa3b877\" data-eae-slider=\"96495\" data-id=\"aa3b877\" data-element_type=\"column\" data-e-type=\"column\">\n\t\t\t<div class=\"elementor-widget-wrap elementor-element-populated\">\n\t\t\t\t\t\t<div class=\"elementor-element elementor-element-21fe73f animated-slow elementor-invisible elementor-widget elementor-widget-heading\" data-id=\"21fe73f\" data-element_type=\"widget\" data-e-type=\"widget\" data-settings=\"{&quot;_animation&quot;:&quot;fadeInDown&quot;}\" data-widget_type=\"heading.default\">\n\t\t\t\t<div class=\"elementor-widget-container\">\n\t\t\t\t\t<h2 class=\"elementor-heading-title elementor-size-default\">UN ESTILO DE VIDA<\/h2>\t\t\t\t<\/div>\n\t\t\t\t<\/div>\n\t\t\t\t\t<\/div>\n\t\t<\/div>\n\t\t\t\t\t<\/div>\n\t\t<\/section>\n\t\t\t\t<section class=\"has_eae_slider elementor-section elementor-top-section elementor-element elementor-element-f251811 elementor-section-boxed elementor-section-height-default elementor-section-height-default\" data-eae-slider=\"3346\" data-id=\"f251811\" data-element_type=\"section\" data-e-type=\"section\">\n\t\t\t\t\t\t<div class=\"elementor-container elementor-column-gap-default\">\n\t\t\t\t\t<div class=\"has_eae_slider elementor-column elementor-col-100 elementor-top-column elementor-element elementor-element-e9c3767\" data-eae-slider=\"92076\" data-id=\"e9c3767\" data-element_type=\"column\" data-e-type=\"column\">\n\t\t\t<div class=\"elementor-widget-wrap elementor-element-populated\">\n\t\t\t\t\t\t<div class=\"elementor-element elementor-element-687e402 elementor-widget elementor-widget-text-editor\" data-id=\"687e402\" data-element_type=\"widget\" data-e-type=\"widget\" data-widget_type=\"text-editor.default\">\n\t\t\t\t<div class=\"elementor-widget-container\">\n\t\t\t\t\t\t\t\t\t<section class=\"elementor-element elementor-element-p6y3k9y elementor-section-boxed elementor-section-height-default elementor-section-height-default elementor-section elementor-top-section\" data-id=\"p6y3k9y\" data-element_type=\"section\"><div class=\"elementor-container elementor-column-gap-default\"><div class=\"elementor-row\"><div class=\"elementor-element elementor-element-zn89cea elementor-column elementor-col-100 elementor-top-column\" data-id=\"zn89cea\" data-element_type=\"column\"><div class=\"elementor-column-wrap elementor-element-populated\"><div class=\"elementor-widget-wrap\"><div class=\"elementor-element elementor-element-rqnaedb elementor-widget elementor-widget-text-editor\" data-id=\"rqnaedb\" data-element_type=\"text-editor.default\"><div class=\"elementor-widget-container\"><div class=\"elementor-text-editor elementor-clearfix\"><p style=\"text-align: justify;\"><span style=\"font-family: verdana, geneva, sans-serif; font-size: 12pt; color: #ffffff;\">Hola a tod@s, os doy la bienvenida a mi p\u00e1gina web.<\/span><\/p><p style=\"text-align: justify;\"><span style=\"font-family: verdana, geneva, sans-serif; font-size: 12pt; color: #ffffff;\">Espero que os guste y que pod\u00e1is encontrar aqu\u00ed todo lo necesario, no s\u00f3lo para vuestra pr\u00e1ctica deportiva, sino tambi\u00e9n para que utilic\u00e9is todas las \u201cherramientas saludables\u201d que os propongo para ampliar vuestros conocimientos, experiencias y alargar vuestra vida deportiva lo m\u00e1ximo posible.<\/span><\/p><p style=\"text-align: justify;\"><span style=\"font-family: verdana, geneva, sans-serif; font-size: 12pt; color: #ffffff;\">Creada desde la humildad, el esfuerzo, el trabajo y con toda la ilusi\u00f3n de crecer cada d\u00eda un poco m\u00e1s como deportista y como persona, quiero compartir mis experiencias, intentar llevaros all\u00e1 por donde voy con las competiciones por todo el mundo ya que, para m\u00ed, el deporte lo es TODO.<\/span><\/p><p style=\"text-align: justify;\"><span style=\"font-family: verdana, geneva, sans-serif; font-size: 12pt; color: #ffffff;\">Un estilo de vida que, en mi d\u00eda a d\u00eda, es siempre un motivo de inspiraci\u00f3n; construir mis valores como persona y considerarme un aut\u00e9ntico privilegiado al poder viajar por todo el mundo haciendo siempre lo que realmente me hace feliz.<\/span><\/p><p style=\"text-align: justify;\"><span style=\"font-family: verdana, geneva, sans-serif; font-size: 12pt; color: #ffffff;\">Dos \u00e1reas diferenciadas; por un lado, mis competiciones, que son mi principal fuente de motivaci\u00f3n e inspiraci\u00f3n, y por otro lado, un \u00e1rea dedicada a la ense\u00f1anza deportiva, la actividad f\u00edsica orientada hacia la salud y preparaci\u00f3n f\u00edsica del deportista, sin olvidar el trabajo de investigaci\u00f3n, los continuos cambios e innovaciones deportivas hacen que debamos estar perfectamente formados y en continuo aprendizaje.<\/span><\/p><p style=\"text-align: justify;\"><span style=\"font-family: verdana, geneva, sans-serif; font-size: 12pt; color: #ffffff;\">Much\u00edsimas gracias por vuestro apoyo SIEMPRE, y recuerda que nunca debes de rendirte, abandonar es sin\u00f3nimo de fracaso\u2026tu vida es una lucha constante en la b\u00fasqueda de motivaciones.<\/span><\/p><p style=\"text-align: justify;\"><span style=\"font-family: verdana, geneva, sans-serif; font-size: 12pt; color: #ffffff;\">No desperdicies \u00e9sta vida, t\u00fa vida, la \u00fanica vida que tenemos y lucha realmente por lo que quieras conseguir.\u00a0<\/span><\/p><\/div><\/div><\/div><\/div><\/div><\/div><\/div><\/div><\/section><section class=\"elementor-element elementor-element-81977bd elementor-section-boxed elementor-section-height-default elementor-section-height-default elementor-section elementor-top-section\" data-id=\"81977bd\" data-element_type=\"section\"><div class=\"elementor-container elementor-column-gap-default\"><div class=\"elementor-row\"><div class=\"elementor-element elementor-element-1a49145 elementor-column elementor-col-100 elementor-top-column\" data-id=\"1a49145\" data-element_type=\"column\"><div class=\"elementor-column-wrap elementor-element-populated\"><div class=\"elementor-widget-wrap\"><div class=\"elementor-element elementor-element-2527aa0 elementor-widget elementor-widget-text-editor\" data-id=\"2527aa0\" data-element_type=\"text-editor.default\"><div class=\"elementor-widget-container\"><div class=\"elementor-text-editor elementor-clearfix\"><p style=\"text-align: right;\"><span style=\"font-family: verdana, geneva, sans-serif; font-size: 12pt; color: #ffffff;\">\u00c1ngel Pav\u00f3n<\/span><\/p><\/div><\/div><\/div><\/div><\/div><\/div><\/div><\/div><\/section>\t\t\t\t\t\t\t\t<\/div>\n\t\t\t\t<\/div>\n\t\t\t\t\t<\/div>\n\t\t<\/div>\n\t\t\t\t\t<\/div>\n\t\t<\/section>\n\t\t\t\t<section class=\"has_eae_slider elementor-section elementor-top-section elementor-element elementor-element-c0b078e elementor-section-stretched elementor-section-full_width elementor-section-height-min-height elementor-section-content-middle elementor-section-height-default elementor-section-items-middle\" data-eae-slider=\"86206\" data-id=\"c0b078e\" data-element_type=\"section\" data-e-type=\"section\" data-settings=\"{&quot;stretch_section&quot;:&quot;section-stretched&quot;,&quot;background_background&quot;:&quot;gradient&quot;,&quot;shape_divider_top&quot;:&quot;wave-brush&quot;}\">\n\t\t\t\t\t<div class=\"elementor-shape elementor-shape-top\" aria-hidden=\"true\" data-negative=\"false\">\n\t\t\t<svg xmlns=\"http:\/\/www.w3.org\/2000\/svg\" viewBox=\"0 0 283.5 27.8\" preserveAspectRatio=\"none\">\n\t<path class=\"elementor-shape-fill\" d=\"M283.5,9.7c0,0-7.3,4.3-14,4.6c-6.8,0.3-12.6,0-20.9-1.5c-11.3-2-33.1-10.1-44.7-5.7\ts-12.1,4.6-18,7.4c-6.6,3.2-20,9.6-36.6,9.3C131.6,23.5,99.5,7.2,86.3,8c-1.4,0.1-6.6,0.8-10.5,2c-3.8,1.2-9.4,3.8-17,4.7\tc-3.2,0.4-8.3,1.1-14.2,0.9c-1.5-0.1-6.3-0.4-12-1.6c-5.7-1.2-11-3.1-15.8-3.7C6.5,9.2,0,10.8,0,10.8V0h283.5V9.7z M260.8,11.3\tc-0.7-1-2-0.4-4.3-0.4c-2.3,0-6.1-1.2-5.8-1.1c0.3,0.1,3.1,1.5,6,1.9C259.7,12.2,261.4,12.3,260.8,11.3z M242.4,8.6\tc0,0-2.4-0.2-5.6-0.9c-3.2-0.8-10.3-2.8-15.1-3.5c-8.2-1.1-15.8,0-15.1,0.1c0.8,0.1,9.6-0.6,17.6,1.1c3.3,0.7,9.3,2.2,12.4,2.7\tC239.9,8.7,242.4,8.6,242.4,8.6z M185.2,8.5c1.7-0.7-13.3,4.7-18.5,6.1c-2.1,0.6-6.2,1.6-10,2c-3.9,0.4-8.9,0.4-8.8,0.5\tc0,0.2,5.8,0.8,11.2,0c5.4-0.8,5.2-1.1,7.6-1.6C170.5,14.7,183.5,9.2,185.2,8.5z M199.1,6.9c0.2,0-0.8-0.4-4.8,1.1\tc-4,1.5-6.7,3.5-6.9,3.7c-0.2,0.1,3.5-1.8,6.6-3C197,7.5,199,6.9,199.1,6.9z M283,6c-0.1,0.1-1.9,1.1-4.8,2.5s-6.9,2.8-6.7,2.7\tc0.2,0,3.5-0.6,7.4-2.5C282.8,6.8,283.1,5.9,283,6z M31.3,11.6c0.1-0.2-1.9-0.2-4.5-1.2s-5.4-1.6-7.8-2C15,7.6,7.3,8.5,7.7,8.6\tC8,8.7,15.9,8.3,20.2,9.3c2.2,0.5,2.4,0.5,5.7,1.6S31.2,11.9,31.3,11.6z M73,9.2c0.4-0.1,3.5-1.6,8.4-2.6c4.9-1.1,8.9-0.5,8.9-0.8\tc0-0.3-1-0.9-6.2-0.3S72.6,9.3,73,9.2z M71.6,6.7C71.8,6.8,75,5.4,77.3,5c2.3-0.3,1.9-0.5,1.9-0.6c0-0.1-1.1-0.2-2.7,0.2\tC74.8,5.1,71.4,6.6,71.6,6.7z M93.6,4.4c0.1,0.2,3.5,0.8,5.6,1.8c2.1,1,1.8,0.6,1.9,0.5c0.1-0.1-0.8-0.8-2.4-1.3\tC97.1,4.8,93.5,4.2,93.6,4.4z M65.4,11.1c-0.1,0.3,0.3,0.5,1.9-0.2s2.6-1.3,2.2-1.2s-0.9,0.4-2.5,0.8C65.3,10.9,65.5,10.8,65.4,11.1\tz M34.5,12.4c-0.2,0,2.1,0.8,3.3,0.9c1.2,0.1,2,0.1,2-0.2c0-0.3-0.1-0.5-1.6-0.4C36.6,12.8,34.7,12.4,34.5,12.4z M152.2,21.1\tc-0.1,0.1-2.4-0.3-7.5-0.3c-5,0-13.6-2.4-17.2-3.5c-3.6-1.1,10,3.9,16.5,4.1C150.5,21.6,152.3,21,152.2,21.1z\"\/>\n\t<path class=\"elementor-shape-fill\" d=\"M269.6,18c-0.1-0.1-4.6,0.3-7.2,0c-7.3-0.7-17-3.2-16.6-2.9c0.4,0.3,13.7,3.1,17,3.3\tC267.7,18.8,269.7,18,269.6,18z\"\/>\n\t<path class=\"elementor-shape-fill\" d=\"M227.4,9.8c-0.2-0.1-4.5-1-9.5-1.2c-5-0.2-12.7,0.6-12.3,0.5c0.3-0.1,5.9-1.8,13.3-1.2\tS227.6,9.9,227.4,9.8z\"\/>\n\t<path class=\"elementor-shape-fill\" d=\"M204.5,13.4c-0.1-0.1,2-1,3.2-1.1c1.2-0.1,2,0,2,0.3c0,0.3-0.1,0.5-1.6,0.4\tC206.4,12.9,204.6,13.5,204.5,13.4z\"\/>\n\t<path class=\"elementor-shape-fill\" d=\"M201,10.6c0-0.1-4.4,1.2-6.3,2.2c-1.9,0.9-6.2,3.1-6.1,3.1c0.1,0.1,4.2-1.6,6.3-2.6\tS201,10.7,201,10.6z\"\/>\n\t<path class=\"elementor-shape-fill\" d=\"M154.5,26.7c-0.1-0.1-4.6,0.3-7.2,0c-7.3-0.7-17-3.2-16.6-2.9c0.4,0.3,13.7,3.1,17,3.3\tC152.6,27.5,154.6,26.8,154.5,26.7z\"\/>\n\t<path class=\"elementor-shape-fill\" d=\"M41.9,19.3c0,0,1.2-0.3,2.9-0.1c1.7,0.2,5.8,0.9,8.2,0.7c4.2-0.4,7.4-2.7,7-2.6\tc-0.4,0-4.3,2.2-8.6,1.9c-1.8-0.1-5.1-0.5-6.7-0.4S41.9,19.3,41.9,19.3z\"\/>\n\t<path class=\"elementor-shape-fill\" d=\"M75.5,12.6c0.2,0.1,2-0.8,4.3-1.1c2.3-0.2,2.1-0.3,2.1-0.5c0-0.1-1.8-0.4-3.4,0\tC76.9,11.5,75.3,12.5,75.5,12.6z\"\/>\n\t<path class=\"elementor-shape-fill\" d=\"M15.6,13.2c0-0.1,4.3,0,6.7,0.5c2.4,0.5,5,1.9,5,2c0,0.1-2.7-0.8-5.1-1.4\tC19.9,13.7,15.7,13.3,15.6,13.2z\"\/>\n<\/svg>\t\t<\/div>\n\t\t\t\t\t<div class=\"elementor-container elementor-column-gap-no\">\n\t\t\t\t\t<div class=\"has_eae_slider elementor-column elementor-col-100 elementor-top-column elementor-element elementor-element-cc66b3a\" data-eae-slider=\"91906\" data-id=\"cc66b3a\" data-element_type=\"column\" data-e-type=\"column\">\n\t\t\t<div class=\"elementor-widget-wrap elementor-element-populated\">\n\t\t\t\t\t\t<div class=\"elementor-element elementor-element-218f285 elementor-widget elementor-widget-shortcode\" data-id=\"218f285\" data-element_type=\"widget\" data-e-type=\"widget\" data-widget_type=\"shortcode.default\">\n\t\t\t\t<div class=\"elementor-widget-container\">\n\t\t\t\t\t\t\t<div class=\"elementor-shortcode\"><div id=\"slider1_container\" class=\"wps-awesome-logo-slider\"    data-grayfilter=\"act\"  data-logostype=\"slider\" style=\"width:1920px; height:130px; background-color:transparent;display:none;\"><!-- Slides Container -->\r\n        <div u=\"slides\" class=\"wps-logos-slide-wrapper\"><div class=\"wps_logo_slide_item\">\r\n                            <a u=\"image\" class=\"wps_logos_img\"  href=\"http:\/\/www.bicicletascarpizo.com\/\" target=\"_blank\" title=\"carpizo\">\r\n                                <img decoding=\"async\" u=\"image\" alt=\"Bicibletas Carpizo\" src=\"https:\/\/angelpavon.com\/wp-content\/uploads\/2018\/07\/carpizo2-1.png\" class=\"wps_slide_img\" \/><div class=\"meta\">\r\n                                                <span class=\"logos_overlay\"> <\/span>\r\n                                                <h3 style=\"font-family:Arial,Helvetica,sans-serif;font-size:18px;font-weight:normal;font-style:normal;color:#ffffff;text-align: center;margin-top: 30%;\"> carpizo <\/h3>\r\n                                            <\/div><\/a>\r\n                        <\/div><div class=\"wps_logo_slide_item\">\r\n                            <a u=\"image\" class=\"wps_logos_img\"  href=\"http:\/\/www.trangoworld.com\/es\/\" target=\"_blank\" title=\"TrangoWorld\">\r\n                                <img decoding=\"async\" u=\"image\"  src=\"https:\/\/angelpavon.com\/wp-content\/uploads\/2017\/06\/Trangoworld-Blanco.png\" class=\"wps_slide_img\" \/><div class=\"meta\">\r\n                                                <span class=\"logos_overlay\"> <\/span>\r\n                                                <h3 style=\"font-family:Arial,Helvetica,sans-serif;font-size:18px;font-weight:normal;font-style:normal;color:#ffffff;text-align: center;margin-top: 30%;\"> TrangoWorld <\/h3>\r\n                                            <\/div><\/a>\r\n                        <\/div><div class=\"wps_logo_slide_item\">\r\n                            <a u=\"image\" class=\"wps_logos_img\"  href=\"http:\/\/podologiadeportiva.com\/\" target=\"_blank\" title=\"Podologia\">\r\n                                <img decoding=\"async\" u=\"image\"  src=\"https:\/\/angelpavon.com\/wp-content\/uploads\/2017\/06\/LogoPodologo-1.png\" class=\"wps_slide_img\" \/><div class=\"meta\">\r\n                                                <span class=\"logos_overlay\"> <\/span>\r\n                                                <h3 style=\"font-family:Arial,Helvetica,sans-serif;font-size:18px;font-weight:normal;font-style:normal;color:#ffffff;text-align: center;margin-top: 30%;\"> Podologia <\/h3>\r\n                                            <\/div><\/a>\r\n                        <\/div><div class=\"wps_logo_slide_item\">\r\n                            <a u=\"image\" class=\"wps_logos_img\"  href=\"http:\/\/m2000sport.com\/\" target=\"_blank\" title=\"M2000\">\r\n                                <img decoding=\"async\" u=\"image\"  src=\"https:\/\/angelpavon.com\/wp-content\/uploads\/2017\/02\/m2000.png\" class=\"wps_slide_img\" \/><div class=\"meta\">\r\n                                                <span class=\"logos_overlay\"> <\/span>\r\n                                                <h3 style=\"font-family:Arial,Helvetica,sans-serif;font-size:18px;font-weight:normal;font-style:normal;color:#ffffff;text-align: center;margin-top: 30%;\"> M2000 <\/h3>\r\n                                            <\/div><\/a>\r\n                        <\/div><div class=\"wps_logo_slide_item\">\r\n                            <a u=\"image\" class=\"wps_logos_img\"  href=\"https:\/\/www.salomon.com\/sp\/#\"  title=\"Salomon\">\r\n                                <img decoding=\"async\" u=\"image\"  src=\"https:\/\/angelpavon.com\/wp-content\/uploads\/2017\/06\/salomon-logo-1.png\" class=\"wps_slide_img\" \/><div class=\"meta\">\r\n                                                <span class=\"logos_overlay\"> <\/span>\r\n                                                <h3 style=\"font-family:Arial,Helvetica,sans-serif;font-size:18px;font-weight:normal;font-style:normal;color:#ffffff;text-align: center;margin-top: 30%;\"> Salomon <\/h3>\r\n                                            <\/div><\/a>\r\n                        <\/div><div class=\"wps_logo_slide_item\">\r\n                            <a u=\"image\" class=\"wps_logos_img\"  href=\"https:\/\/www.compressport.es\/\" target=\"_blank\" title=\"CompresSport\">\r\n                                <img decoding=\"async\" u=\"image\"  src=\"https:\/\/angelpavon.com\/wp-content\/uploads\/2017\/07\/Logo-Compressport-Horiz-Blanco.png\" class=\"wps_slide_img\" \/><div class=\"meta\">\r\n                                                <span class=\"logos_overlay\"> <\/span>\r\n                                                <h3 style=\"font-family:Arial,Helvetica,sans-serif;font-size:18px;font-weight:normal;font-style:normal;color:#ffffff;text-align: center;margin-top: 30%;\"> CompresSport <\/h3>\r\n                                            <\/div><\/a>\r\n                        <\/div><div class=\"wps_logo_slide_item\">\r\n                            <a u=\"image\" class=\"wps_logos_img\"  href=\"https:\/\/www.columbiasportswear.es\/\" target=\"_blank\" title=\"Columbia\">\r\n                                <img decoding=\"async\" u=\"image\"  src=\"https:\/\/angelpavon.com\/wp-content\/uploads\/2017\/02\/columbia-logo.png\" class=\"wps_slide_img\" \/><div class=\"meta\">\r\n                                                <span class=\"logos_overlay\"> <\/span>\r\n                                                <h3 style=\"font-family:Arial,Helvetica,sans-serif;font-size:18px;font-weight:normal;font-style:normal;color:#ffffff;text-align: center;margin-top: 30%;\"> Columbia <\/h3>\r\n                                            <\/div><\/a>\r\n                        <\/div><div class=\"wps_logo_slide_item\">\r\n                            <a u=\"image\" class=\"wps_logos_img\"  href=\"http:\/\/www.centro-nenufar.com\/\" target=\"_blank\" title=\"Nen\u00fafar\">\r\n                                <img decoding=\"async\" u=\"image\"  src=\"https:\/\/angelpavon.com\/wp-content\/uploads\/2018\/07\/LOGO_NENUFAR.png\" class=\"wps_slide_img\" \/><div class=\"meta\">\r\n                                                <span class=\"logos_overlay\"> <\/span>\r\n                                                <h3 style=\"font-family:Arial,Helvetica,sans-serif;font-size:18px;font-weight:normal;font-style:normal;color:#ffffff;text-align: center;margin-top: 30%;\"> Nen\u00fafar <\/h3>\r\n                                            <\/div><\/a>\r\n                        <\/div><\/div><\/div>\r\n    <!-- Slider End --><script>\r\njQuery(document).ready(function ($) {\r\n        var options = {\r\n            $AutoPlay: 1,                         \r\n            $AutoPlaySteps: 1,                      \r\n            $AutoPlayInterval:0,\r\n            $PauseOnHover: 3,\r\n            $ArrowKeyNavigation: 1,\r\n            $SlideEasing: $JssorEasing$.$EaseLinear,\r\n            $SlideDuration: 8000,\r\n            $SlideWidth: 280,\r\n            $SlideHeight: 120,\r\n            $SlideSpacing: 30,\r\n            $DisplayPieces: 6,\r\n            $PlayOrientation: 1,\r\n            $DragOrientation: 0,};\r\n            var wps_logos_slider = new $JssorSlider$(\"slider1_container\", options);function ScaleSlider() {\r\n            var bodyWidth = document.body.clientWidth;\r\n            if (bodyWidth)\r\n                wps_logos_slider.$ScaleWidth(Math.min(bodyWidth,1920));\r\n            else\r\n                window.setTimeout(ScaleSlider, 30);\r\n        }\r\n        ScaleSlider();\r\n        $(window).bind(\"load\", ScaleSlider);\r\n        $(window).bind(\"resize\", ScaleSlider);\r\n        $(window).bind(\"orientationchange\", ScaleSlider);\r\n        $(\"#slider1_container\").show();\r\n    });\r\n<\/script><\/div>\n\t\t\t\t\t\t<\/div>\n\t\t\t\t<\/div>\n\t\t\t\t\t<\/div>\n\t\t<\/div>\n\t\t\t\t\t<\/div>\n\t\t<\/section>\n\t\t\t\t<section class=\"has_eae_slider elementor-section elementor-top-section elementor-element elementor-element-22ca70d elementor-section-boxed elementor-section-height-default elementor-section-height-default\" data-eae-slider=\"12866\" data-id=\"22ca70d\" data-element_type=\"section\" data-e-type=\"section\">\n\t\t\t\t\t\t<div class=\"elementor-container elementor-column-gap-default\">\n\t\t\t\t\t<div class=\"has_eae_slider elementor-column elementor-col-100 elementor-top-column elementor-element elementor-element-4528df4\" data-eae-slider=\"17511\" data-id=\"4528df4\" data-element_type=\"column\" data-e-type=\"column\">\n\t\t\t<div class=\"elementor-widget-wrap elementor-element-populated\">\n\t\t\t\t\t\t<div class=\"elementor-element elementor-element-9421072 elementor-widget elementor-widget-spacer\" data-id=\"9421072\" data-element_type=\"widget\" data-e-type=\"widget\" data-widget_type=\"spacer.default\">\n\t\t\t\t<div class=\"elementor-widget-container\">\n\t\t\t\t\t\t\t<div class=\"elementor-spacer\">\n\t\t\t<div class=\"elementor-spacer-inner\"><\/div>\n\t\t<\/div>\n\t\t\t\t\t\t<\/div>\n\t\t\t\t<\/div>\n\t\t\t\t\t<\/div>\n\t\t<\/div>\n\t\t\t\t\t<\/div>\n\t\t<\/section>\n\t\t\t\t<\/div>\n\t\t","protected":false},"excerpt":{"rendered":"<p>UN ESTILO DE VIDA Hola a tod@s, os doy la bienvenida a mi p\u00e1gina web. Espero que os guste y que pod\u00e1is encontrar aqu\u00ed todo lo necesario, no s\u00f3lo para vuestra pr\u00e1ctica deportiva, sino tambi\u00e9n para que utilic\u00e9is todas las \u201cherramientas saludables\u201d que os propongo&#8230;<\/p>\n","protected":false},"author":1,"featured_media":6604,"parent":0,"menu_order":0,"comment_status":"closed","ping_status":"closed","template":"","meta":{"footnotes":""},"class_list":["post-7483","page","type-page","status-publish","has-post-thumbnail","hentry"],"_links":{"self":[{"href":"https:\/\/angelpavon.com\/index.php\/wp-json\/wp\/v2\/pages\/7483","targetHints":{"allow":["GET"]}}],"collection":[{"href":"https:\/\/angelpavon.com\/index.php\/wp-json\/wp\/v2\/pages"}],"about":[{"href":"https:\/\/angelpavon.com\/index.php\/wp-json\/wp\/v2\/types\/page"}],"author":[{"embeddable":true,"href":"https:\/\/angelpavon.com\/index.php\/wp-json\/wp\/v2\/users\/1"}],"replies":[{"embeddable":true,"href":"https:\/\/angelpavon.com\/index.php\/wp-json\/wp\/v2\/comments?post=7483"}],"version-history":[{"count":0,"href":"https:\/\/angelpavon.com\/index.php\/wp-json\/wp\/v2\/pages\/7483\/revisions"}],"wp:featuredmedia":[{"embeddable":true,"href":"https:\/\/angelpavon.com\/index.php\/wp-json\/wp\/v2\/media\/6604"}],"wp:attachment":[{"href":"https:\/\/angelpavon.com\/index.php\/wp-json\/wp\/v2\/media?parent=7483"}],"curies":[{"name":"wp","href":"https:\/\/api.w.org\/{rel}","templated":true}]}}